1/20*i**5. What is m(-6)?
6
Let b(c) be the third derivative of c**8/2520 - c**7/2520 - c**6/720 - 7*c**5/30 - 25*c**2. Let s(p) be the third derivative of b(p). What is s(-1)?
9
Let u(i) = -i - 2. Let a(l) = 4 - 5 + 36*l - 37*l. Let k(r) = -3*a(r) + u(r). Give k(-3).
-5
Let j(p) be the second derivative of 4*p**3/3 + p**2/2 + 7*p - 8. Suppose 0 = -n + 1 - 2. Give j(n).
-7
Let i(l) be the third derivative of l**6/120 - l**5/10 - 3*l**4/8 - 5*l**3/3 - 3*l**2 - 39. Give i(7).
-24
Let z(v) = -v**2 - 3*v + 6. Suppose -2*b + 35 = -7*b - 2*r, -5*r - 10 = -3*b. Give z(b).
-4
Suppose 7 = 13*d - 58. Let z(r) = -r**3 + 5*r**2 + 5. Calculate z(d).
5
Let d(m) be the second derivative of 3/2*m**3 + 0 + 1/12*m**4 + 12*m - 3*m**2. What is d(-10)?
4
Let d(q) be the first derivative of q**2 - 4*q + 1. Suppose -3*o + 10*s - 5*s - 5 = 0, -5*s + 5 = 5*o. Suppose o = -34*w + 40*w - 24. Calculate d(w).
4
Let x be 1/2 - 123/2. Let q be (-6)/21 + x/7. Let a = -4 - q. Let b(s) = 3*s - 3. Give b(a).
12
Let r(d) = -d**3 + 3*d**2 - 3*d - 2. Suppose -3*n = 3*x - 3, -n = -3*x + 4 - 1. Let f be -1*(29 + (n - 0)). Let p = f - -32. What is r(p)?
-11
Let m(h) be the second derivative of h**7/840 + h**6/360 + h**5/40 - h**4/12 - 8*h**3/3 - 4*h + 3. Let r(f) be the second derivative of m(f). Give r(-3).
-29
Let i be (-18)/27*3/2. Let q be (1 - i)*(-20)/(-8). Let s(w) = w**3 - 6*w**2 + 6*w - 6. Give s(q).
-1
Let t = -437 - -437. Let b(x) = -x**3 - x**2 - x + 18. What is b(t)?
18
Let h(i) = -6*i**3 - 7*i**2 - 16*i - 31. Let y(n) = -n**3 - n**2 - 3*n - 6. Let z(f) = 2*h(f) - 11*y(f). Let a be (2/3)/(3/(-18)). Calculate z(a).
16
Suppose 2*n + 3*n = -5*j + 15, -4*j = -3*n - 40. Let f(g) = -g**2 + 9*g + 4. Determine f(j).
18
Let l(m) = -2*m - m + 2*m - m**3 - 5*m**2 + 1. Let z = 25 + -11. Let i = z - 19. Determine l(i).
6
Let y(h) be the third derivative of -h**5/15 - h**4/12 + h**3/2 + 17*h**2 - 4*h. Give y(3).
-39
Let z(r) = r**3 - 14*r**2 - 14*r - 16. Let t be z(15). Let v(i) be the second derivative of 0*i**4 + 1/2*i**2 + 1/6*i**3 - 2/5*i**5 - 2*i + 0. Give v(t).
8
Let l(o) = o**3 + 4*o**2 - 15*o - 13. Let h be l(-6). Let t(j) = j**3 - 4*j**2 - 3*j - 2. Give t(h).
8
Let j be (-2 - (1 + -2)) + -5. Let i(l) = l + 16. Let w be i(-16). Let b(s) = 7 - 8 - 1 + w*s - s. Calculate b(j).
4
Suppose -4*f + 28 - 36 = 0, 31 = 3*c - 5*f. Let l(k) = -k**3 + 8*k**2 - 4*k - 9. Determine l(c).
12
Let d(r) = -r**3 - 5*r**2 + 6*r + 6. Let c = 10 - 17. Let a be c/(-28) - (-42)/(-8). What is d(a)?
-24
Let w(p) = p**2 + p. Let k(i) = 3*i**2 + 5*i - 2. Let s(q) = k(q) - 4*w(q). Let a be 6/(-39) - 4/(-26). Determine s(a).
-2
Let l = 2 - 1. Let c(f) = -f**3 + f**2. Let p(d) = d**3 + 3*d**2 + 1. Let v(j) = 3*j + 16. Let g be v(-7). Let w(n) = g*c(n) + p(n). Calculate w(l).
5
Let h(y) = 43*y + 40*y - 3 - 84*y. Give h(5).
-8
Let r = -10 - -7. Let a be 0 + r + 6 + (-13 - -7). Let t(y) = -y**2 - y - 3. Calculate t(a).
-9
Let g(u) = 4*u**2 - 2*u**2 + 2*u**3 - 5*u + 5*u**2 - 3*u**3 - 7. Let o(j) = 2*j**2 + 3*j - 29. Let p be o(-5). Determine g(p).
-1
Let i(a) = -4*a**3 - 6*a**2 - 6*a - 20. Let j(k) = -7*k**3 - 13*k**2 - 10*k - 34. Let r(l) = 5*i(l) - 3*j(l). Let w be (9/(-2) - 0)*2. Give r(w).
2
Let d = 8 + -7. Suppose -1 = -l + d. Suppose 4*b - l*b = 0. Let x(o) = o**2 + 2. Determine x(b).
2
Let w(i) = 1 - 6*i**2 + i**2 + i**2 - 8*i**2 - 2*i. Suppose 0 = -6*v - 87 + 93. Determine w(v).
-13
Let l be (-20)/6*(-3 + 11 + -2). Let p = 29 + l. Let w(o) = -o**3 + 8*o**2 + 9*o + 8. Give w(p).
8
Let q(c) = -c**2 - 6*c - 4. Let s be q(-4). Let w(v) be the first derivative of v + 3/2*v**2 + 8 - 1/3*v**3. Determine w(s).
-3
Let o(s) = s**2 + 11*s + 4. Let y(c) = -c**3 - 10*c**2 - c - 1. Let i be y(-4). Let l = -103 - i. Determine o(l).
-6
Suppose -s - 41 + 36 = 0. Let m(y) be the first derivative of -y**4/4 - 5*y**3/3 - y**2/2 + 4. Determine m(s).
5
Let z(u) = -2*u**2 - u - 1. Let y be z(4). Let k = y - -29. Let h(o) = -o**3 - 8*o**2 - 6. What is h(k)?
-6
Let a = 36 - 32. Let b(p) = p**2 - 1 + 12*p - 9*p + 9*p**3 - a*p. What is b(-1)?
-8
Let c(x) = 39 - 52 - 10*x + 23. Determine c(3).
-20
Let t(b) be the second derivative of b**4/12 - b**3/6 - b**2 + 16*b. Let h(a) = -5*a**2 + 5*a + 11. Let w(k) = -2*h(k) - 11*t(k). What is w(0)?
0
Let n(p) be the third derivative of p**5/12 - p**3/6 + 30*p**2. What is n(-1)?
4
Let m(w) be the first derivative of -1/60*w**5 + 0*w + 1/8*w**4 - 1/3*w**3 - 1/2*w**2 - 4. Let v(k) be the second derivative of m(k). Determine v(3).
-2
Let i = -1352 + 1352. Let q(o) = 12*o + 3. Give q(i).
3
Let l(q) = -q**3 + 5*q**2 - 6*q + 4. Let s = 0 - -11. Suppose 5*p = -4*c + 25 + s, -2*p + c + 4 = 0. What is l(p)?
-4
Let x(k) = -3*k + 12. Suppose -39*w + 24 + 405 = 0. Determine x(w).
-21
Suppose 147 = 3*w - 117. Let q be 16/w + 46/(-11). Let a(r) = r + 2. Let g be a(q). Let f(l) = -2*l**2. Calculate f(g).
-8
Suppose 0 = u - 11*u + 20. Let x(f) be the first derivative of -3 - u*f + 2*f**2 + 1/3*f**3. What is x(-6)?
10
Let a(y) = y**3 - y**2 + y - 1. Let b(u) = 7*u**3 + 6*u - 11. Let g be 10/65 - (-11)/13. Let d(j) = g*b(j) - 6*a(j). Give d(-6).
-5
Let g(t) be the second derivative of t**4/12 + 5*t**3/6 + t**2/2 + t - 1096. Suppose -3*s + 0*s - 12 = 0. Determine g(s).
-3
Let w be 342/399 - 1/(-7). Let n(j) = 21*j**3 - j**2 + 1. Give n(w).
21
Suppose 0 = 10*j - 44*j - 68. Let s(p) be the second derivative of p**5/20 - p**3/3 - p. Give s(j).
-4
Let j(q) = q + 1. Let v be (-5 + 2)/(6/4). Let g be v + 14/4*8. Let p be 28/(-13) - (-4)/g. Determine j(p).
-1
Let b(c) = c - 2. Suppose 24 = -6*z + 4*z. Let v = -8 - z. Calculate b(v).
2
Let b(r) = 14 - 9 + 289*r**2 - 288*r**2. Determine b(6).
41
Let v(h) = -2*h**2 - 7*h - 7*h**3 - 1 - 6*h + 11*h. Suppose 5*y - 5*r + 20 = 0, y + 6*r - 11 = 2*r. Calculate v(y).
6
Let l be -4*1*((-216)/(-16))/(-9). Let u(d) = d**2 - 4*d - 5. What is u(l)?
7
Suppose p = 5*h - 17 - 17, -5 = -5*p. Suppose h*q = 10*q - 9. Let b(n) = n**2 - 2*n + 1. Give b(q).
4
Let r(t) be the first derivative of t**7/840 - t**6/360 + t**5/120 + 2*t**4/3 + t**3/3 + 3. Let m(o) be the third derivative of r(o). What is m(0)?
16
Suppose -320 = 14*t - 82. Let k(b) = -b + 5. Calculate k(t).
22
Let x(p) = p**2 - 2*p - 3. Suppose -5*v + 7 = 4*d, -4*d + 0*d - 2*v = -22. Let r be (d - -1)*(-1)/(-3). Calculate x(r).
0
Let d(f) = f**3 - 8*f**2 + f - 2. Let l(h) = -h**2 + 15*h - 46. Let w be l(9). Determine d(w).
6
Let u(k) = k + 11. Let o be (-60)/(-18) + 3 + 14/(-6). Let b(y) = 4*y + 1. Let m be b(1). Suppose 0 = g + 4*v + o, 4*g - m*v - 2 = -39. Calculate u(g).
3
Let g(i) = i**3 + 7*i**2 + 7*i + 1. Let j be g(-6). Let n(s) = 7 - 63*s - 5*s**3 + 0 + 6*s**3 + 58*s + 4*s**2. Give n(j).
7
Let y be -1 + 5 - (-8 - -8). Let i(x) = -3*x - y*x**2 + 5*x**2 - 3*x. Give i(5).
-5
Let h(d) = 20*d**2 + 5*d - 10*d**2 - 11*d**2. Give h(7).
-14
Let j = 1493 + -8951/6. Let m(o) be the second derivative of j*o**3 + 1/12*o**4 + 0 - 3*o**2 - o. Give m(-7).
-6
Let a = 13/18 + -2/9. Let b(n) be the first derivative of 4 - 13/3*n**3 + 0*n + a*n**2. Give b(-1).
-14
Let s(i) = 2*i + 9. Let u = -1 - 5. Calculate s(u).
-3
Suppose 14 + 18 = 4*k. Let w(p) = -6 - 7*p**2 + p - 14*p + 4*p + p**3. Give w(k).
-14
Suppose 0 = 3*o + 4*j - 23, -4*j = -3*o + 2 + 5. Let c(q) = q**2 + q. Let z(m) = 4*m**2 + 11*m - 4. Let v(t) = o*c(t) - z(t). What is v(4)?
-4
Let u(i) = 5*i + 17 - 4*i + 0 - 4. Determine u(-7).
6
Let d(l) = -l + 1 + 2 - 6. Let w(a) = 2*a + 2. Let u(i) = 3*d(i) + 2*w(i). Let j be u(10). Let h(p) = p - 7. Determine h(j).
-2
Let i(c) be the first derivative of -c**3/3 + 5*c**2/2 - 3*c - 91. Let d be 1*(-26)/39*-2*3. Determine i(d).
1
Let v be (-5)/(-2) + 3/(-6). Let b be (-1 - 0) + v + 1. Let d(y) be the first derivative of y**3/3 - y**2/2 - 2*y - 9. Determine d(b).
0
Let x(u) = 5*u**3 + u - 6. Let y(a) = -3*a**3 - a**2 - 2*a + 6. Let l(n) = -2*x(n) - 3*y(n). Suppose 4*o - 2 = 5*r + 39, -2*o + 5*r = -33. Give l(o).
-6
Let h = 23782 + -23778. Suppose 4 = -2*g + 4*l, 3*g = l + 4*l - 3. Let i(y) = -3 + 3 - y - g. Calculate i(h).
-8
Let o(k) be the first derivative of -265 + 3*k**2 - 3*k + k**2 + 273 - 2*k**2. Give o(3).
9
Let h(p) = -5*p**3 - p**2 - p. Let l = -16 - -15. Suppose -a = 2*a + 7*a. Let w be l - 0 - a/5. Calculate h(w).
5
Let o be (40